ns digit of (-6)/9 - 30/(-18) - z?
5
What is the hundreds digit of (-9)/3 + (4185 - 28)?
1
Let o = -300 + 452. Suppose 0 = -3*g - 5*g + o. Let f = g + 86. What is the hundreds digit of f?
1
Let g = -286 - 32. Suppose 0 = 2*j + 3*j - 2625. Let h = g + j. What is the units digit of h?
7
Suppose 4*v = -0*v + 16, 901 = -3*n + v. Let d = 503 + n. Let g = 298 - d. What is the tens digit of g?
9
Let g = -83 - -89. Suppose g = 3*m - m. Suppose -5*f = m*f - 960. What is the hundreds digit of f?
1
Let s = 17 + -13. Suppose -q + 2*m + 0 = s, 3*q + 10 = 5*m. Suppose q = -j + 26 + 15. What is the tens digit of j?
4
Suppose 3*z + 2*z = 10, 198 = -4*c - 5*z. Let d(w) = 4*w**3 - 3*w**2 + 5. Let h be d(-3). Let a = c - h. What is the tens digit of a?
7
Let u = -258 + 280. Suppose 2*i = 3*n + 8, -3*i + 4*i - 4 = -4*n. What is the units digit of -6 + u + 2 + n?
8
Let m(i) = 14*i**2 + 5*i + 19. Let h(j) = j - 8. Let c be h(5). What is the hundreds digit of m(c)?
1
Let u(k) = -2*k**2 + 195*k + 584. What is the thousands digit of u(94)?
1
Suppose -5*m = -57 - 68. Suppose m = 20*i - 15*i. Suppose 535 = -0*a + i*a. What is the hundreds digit of a?
1
Suppose -2*g = 5*w + 4, -4*g = w - 9*g - 10. Suppose 5*a + v + 2241 - 5923 = w, -4*a = -4*v - 2936. What is the tens digit of a?
3
Let x be (-2)/19 + 580/95. Suppose 0 = x*t + 2*t + 48. What is the tens digit of (62 + t)*(4 + -2)?
1
Let i(h) = h**2 + 14 + 2*h**3 + 7*h + 0*h**2 - 3*h**3 - 13*h**2. Let d be i(-12). Let n = 1 - d. What is the units digit of n?
1
Let y = 4460 + -2955. Let m = y - 973. What is the units digit of m?
2
Let w = 26814 + -7478. Suppose 13991 + w = 23*z. What is the units digit of z?
9
Suppose 7*m = 2*m + 1320. Suppose 2*y - 2*f = 264, 4*y - 4*f = 6*y - m. What is the units digit of y?
2
Let y(v) = 846*v**2 + 49*v + 58. What is the tens digit of y(-6)?
2
What is the thousands digit of (9/(-6))/((-51)/(-102)) + 26276?
6
Let l(s) = -s**3 + 9*s**2 + 2*s - 16. Let c be l(9). Suppose -5*v = c*z + 145 - 1265, -3*z - 4*v + 1680 = 0. What is the tens digit of z?
6
Let t be 2*6/(-12)*(0 + -6). What is the tens digit of 7/((t - 8)/(-22))?
7
Let z = -14260 - -19886. What is the tens digit of z?
2
Let o = 2964 - 124. What is the units digit of o?
0
Suppose 11*q - 67282 = 68997. What is the thousands digit of q?
2
Let i be 6/((3 - (-1 - -1)) + -1). Suppose -11 = -2*x - i. What is the tens digit of 125/x - (-1)/(-4)?
3
Suppose 4*l + 4049 = 21*p - 20*p, -5*l + 25 = 0. What is the units digit of p?
9
Let p = 2 - -21. Let q(w) be the third derivative of -w**4/24 + 12*w**3 + 4299*w**2. What is the units digit of q(p)?
9
Let a(b) = b**2 - 79*b + 1007. What is the units digit of a(107)?
3
Let w be 9/((16/(-56))/(6/(-21))). Suppose 3*d - 4*m = -w, 2*m = -2*d - 3*d - 15. Let j(z) = 12*z**2 + z. What is the units digit of j(d)?
5
Suppose 0 = -4*t - 2*m + 19718 + 758, 0 = -2*m. What is the units digit of t?
9
Let s = 12594 + 17628. What is the ten thousands digit of s?
3
Let d(c) = 155*c**3 - 12*c**2 - 81*c + 568. What is the tens digit of d(6)?
3
Let i(r) be the second derivative of r**4/12 - 13*r**3/6 - 11*r**2/2 - 13*r. Let l be i(14). Let v(o) = 3*o**2 - 3*o + 5. What is the tens digit of v(l)?
2
Let i(a) = 37*a**2 - 33*a + 54. What is the units digit of i(-20)?
4
Suppose 6*p + 48933 = -4*p + 169733. What is the thousands digit of p?
2
What is the tens digit of 7/(-5)*((-33204 - 19) + -22)?
4
What is the hundreds digit of (-4665)/(-2) + (-17)/(476/(-70))?
3
Let h = -178 + 194. Suppose 14*f + 3298 = h*f. What is the tens digit of f?
4
Suppose 2*g = -4*y + 18, 4*y + g - 13 = y. Suppose 4*a - s = 16, -2*a - 3*s = -y*s - 10. Suppose 473 = a*v + 119. What is the units digit of v?
8
Let y = 185 - 205. Let j = 139 + y. What is the tens digit of j?
1
Suppose 11*s - 14068 = -5*g, 0*s = g - 3*s - 2824. What is the tens digit of g?
1
What is the ten thousands digit of (43/(-86))/((-14)/(-8)) + 450110/35?
1
Let g = -41 + 45. Suppose g*f = f + 75. Let o(n) = n**3 - 26*n**2 + 27*n - 28. What is the units digit of o(f)?
2
Suppose -4*j = 11 + 25. Let s = j - -10. What is the units digit of 222/4*(3 - s)?
1
Let z(n) = -33*n**3 + 6*n**2 + 21*n + 8. Let c be z(-4). Suppose 5*x - c - 189 = -4*o, 0 = 4*x - 20. What is the tens digit of o?
7
What is the thousands digit of 4/2 + 446550/75?
5
Let m(h) = -9*h**2 - 6*h + 23. Let a be m(-8). Let q = -275 - a. What is the tens digit of q?
3
Suppose -g - 5*j + 1836 = 0, -4*j - 5508 = -3*g - 8*j. Suppose -4*r + g = 4*l, -3*l - 5*r + r + 1378 = 0. What is the tens digit of l?
5
Suppose -82 = -2*n + 92. Suppose 5*b - 38 = n. Suppose -7*z = -45 - b. What is the tens digit of z?
1
Let n(r) = -5*r + 81. Let j be n(14). Suppose -801 + 2308 = j*w. What is the hundreds digit of w?
1
Suppose 3*p + 3*g - 3 = 0, 0*p + g = -2*p + 4. Suppose 781 = 2*d + 3*m, -4*d + p*m = 330 - 1865. What is the hundreds digit of d?
3
Let t(o) = 513*o**2 - 113*o - 16. What is the hundreds digit of t(5)?
2
Let k(y) = -y**2 - 48*y - 96. Suppose 17*h - 12*h = -140. What is the units digit of k(h)?
4
Let z be -145 + 2 + -3 - (5 + -1). Let k be (-3 - (z + 5)) + 5. Suppose b - k = 128. What is the tens digit of b?
7
Suppose 47*z - 38973 = 32*z + 47442. What is the hundreds digit of z?
7
Let x(n) = -523 + 173 + 173 + 176 - 3*n + 0*n. Suppose 0 = -2*m - 3*m - 15. What is the units digit of x(m)?
8
What is the thousands digit of 119430/4 + 0 + 1 - (-298)/(-596)?
9
Let m(u) = 3*u**2 - 21*u - 82. Let l(s) = -4*s**2 + 20*s + 83. Let d(c) = 2*l(c) + 3*m(c). What is the units digit of d(38)?
0
Suppose 3*u = i + 22583, 10170 = 2*u + 3*i - 4889. What is the hundreds digit of u?
5
Let y be 2/9 - (-29)/(-9) - -9. What is the hundreds digit of -67*(y + -15 + 2)?
4
Let r = 0 - -2. Let m(b) be the third derivative of 37*b**4/24 - b**3 - b**2. What is the units digit of m(r)?
8
Suppose 10*p - 439 = 1221. Let n = 498 - p. What is the units digit of n?
2
Let n(l) = 3*l**2 + 15*l + 2. Let q be n(-13). Suppose 4*m - 613 = -5*c + 4*c, -2*c + q = 2*m. Suppose 0*d = 2*d - m. What is the units digit of d?
6
Let d(q) = -11*q + 46. Let a be d(4). Suppose 2*h = -a*m + 958, 4*m - 1931 = h - 2*h. What is the tens digit of m?
8
Suppose 33 = 2*c + 9*c. Suppose 0 = f + c*v - 52, -2*v - 134 = -3*f. What is the units digit of f?
6
What is the thousands digit of (-4)/7 + (-10442970)/(-525) - 17/(-85)?
9
Let a(q) = 65*q**2 - q + 36. Let s be a(6). What is the tens digit of s/(-45)*-1*54/4?
1
What is the units digit of ((-17)/51)/((-379389)/379386 - -1)?
4
What is the tens digit of 47828/(-264)*(-19 + 1)?
6
Let w be (147/14)/((-7)/(14/(-3))). What is the units digit of (12 - (-85)/(-7)) + 5174/w?
9
Let f = 883 + -575. Let q = 352 - f. What is the tens digit of q?
4
Let s(a) = 236*a - 7109. What is the ten thousands digit of s(118)?
2
Suppose 0 = 3*h - 42*k + 37*k - 15784, -3*h = -3*k - 15774. What is the hundreds digit of h?
2
Let v be -1111*(-4*3/(-6) + -3). Let k = 1979 - v. What is the units digit of k?
8
Let m(c) = 42*c**2 - 100*c - 1399. What is the tens digit of m(-27)?
1
Suppose 0*q + 1450 = 5*q. Let i = 1854 - 1851. Suppose -3*c = 3*b - 5*c - q, -2*b - i*c = -189. What is the units digit of b?
6
Let o(w) be the first derivative of 11*w**2 + 22*w + 1. Suppose 5*b = 12*b - 35. What is the hundreds digit of o(b)?
1
Let v be 1195 + 48 + (-4)/(-2). Suppose -2*k + 1011 = -v. What is the thousands digit of k?
1
Suppose 0 = -5*v + 20, 5*q - 9 = -3*v + 7*v. Suppose -64 = q*j - 0*f + 2*f, 3*f + 54 = -4*j. Let b = j - -47. What is the units digit of b?
5
Suppose 44335*y - 44346*y = -395076. What is the ten thousands digit of y?
3
Let u = 65575 + -30731. What is the thousands digit of u?
4
Suppose 0 = 94*l - 230269 + 120093 - 329274. What is the hundreds digit of l?
6
Let a = 57537 + -38309. What is the ten thousands digit of a?
1
Suppose 20*x + 4*f = 24*x - 64676, 0 = -x + 5*f + 16133. What is the hundreds digit of x?
1
Let r be 5 + -3 + (7 - 5). Suppose 0 = -4*f + 2*v + 484, -10*v - 480 = -r*f - 6*v. What is the units digit of f?
2
Let b = -707 + 708. Let l(o) = -o**3 - 10*o**2 + o + 9. Let v be l(-10). What is the units digit of (1 - (v + b))*28?
8
Let l(h) = 305*h**3 - 306*h**3 - 110*h**2 + 126*h**2 - 21 + 5*h. Let a be (-16)/((1 + -3)/2). What is the tens digit of 